{"id":1204,"date":"2020-10-26T20:28:23","date_gmt":"2020-10-26T20:28:23","guid":{"rendered":"http:\/\/odontoavanzadayestetica.com\/?page_id=1204"},"modified":"2020-10-26T20:32:29","modified_gmt":"2020-10-26T20:32:29","slug":"ortodoncia-brackets","status":"publish","type":"page","link":"https:\/\/odontoavanzadayestetica.com\/index.php\/ortodoncia-brackets\/","title":{"rendered":"Ortodoncia (Brackets)"},"content":{"rendered":"\t\t<div data-elementor-type=\"wp-page\" data-elementor-id=\"1204\" class=\"elementor elementor-1204\">\n\t\t\t\t\t\t<section class=\"elementor-section elementor-top-section elementor-element elementor-element-8b12177 elementor-section-boxed elementor-section-height-default elementor-section-height-default\" data-id=\"8b12177\" data-element_type=\"section\" data-e-type=\"section\">\n\t\t\t\t\t\t<div class=\"elementor-container elementor-column-gap-default\">\n\t\t\t\t\t<div class=\"elementor-column elementor-col-100 elementor-top-column elementor-element elementor-element-48814d7\" data-id=\"48814d7\" data-element_type=\"column\" data-e-type=\"column\">\n\t\t\t<div class=\"elementor-widget-wrap elementor-element-populated\">\n\t\t\t\t\t\t<div class=\"elementor-element elementor-element-1d9a641 elementor-widget elementor-widget-image\" data-id=\"1d9a641\" data-element_type=\"widget\" data-e-type=\"widget\" data-widget_type=\"image.default\">\n\t\t\t\t<div class=\"elementor-widget-container\">\n\t\t\t\t\t\t\t\t\t\t\t\t\t\t\t<img fetchpriority=\"high\" decoding=\"async\" width=\"626\" height=\"417\" src=\"https:\/\/odontoavanzadayestetica.com\/wp-content\/uploads\/2020\/10\/dentista-modelo-plastico-dental-tirantes_273609-13101.jpg\" class=\"attachment-large size-large wp-image-1164\" alt=\"\" srcset=\"https:\/\/odontoavanzadayestetica.com\/wp-content\/uploads\/2020\/10\/dentista-modelo-plastico-dental-tirantes_273609-13101.jpg 626w, https:\/\/odontoavanzadayestetica.com\/wp-content\/uploads\/2020\/10\/dentista-modelo-plastico-dental-tirantes_273609-13101-300x200.jpg 300w\" sizes=\"(max-width: 626px) 100vw, 626px\" \/>\t\t\t\t\t\t\t\t\t\t\t\t\t\t\t<\/div>\n\t\t\t\t<\/div>\n\t\t\t\t<div class=\"elementor-element elementor-element-d9717e3 elementor-widget elementor-widget-text-editor\" data-id=\"d9717e3\" data-element_type=\"widget\" data-e-type=\"widget\" data-widget_type=\"text-editor.default\">\n\t\t\t\t<div class=\"elementor-widget-container\">\n\t\t\t\t\t\t\t\t\t<h4>Ortodoncia (Brackets)<\/h4><p>La ortodoncia es el \u00e1rea de la odontolog\u00eda que trabaja con las malas posiciones dentales y malformaciones de la mordida. En la actualidad los Ortodoncistas utilizan diferentes t\u00e9cnicas para enderezar y corregir las mordidas y dientes torcidos, existen una gran variedad de aparatos ortod\u00f3nticos desde los m\u00f3viles como los INVISALING, los aparatos ortod\u00f3nticos fijos ESTETICOS y AUTOLIGADOS.<\/p><p>Cada uno pose una indicaci\u00f3n, la cual va depender del tipo de movimiento que se quiera realizar, para saber cu\u00e1l puedes usar se necesita la evaluaci\u00f3n y as\u00ed ofrecer las mejores opciones, asegur\u00e1ndote siempre que sea un especialista del \u00e1rea de ortodoncia.<\/p><h4>\u00bfDesde que edad puedo usar aparatos ortod\u00f3nticos?<\/h4><p>Hoy en d\u00eda contamos con la ortopedia de los maxilares, que consiste en realizar una ortodoncia interceptiva que nos permite ir moldeando esos maxilares durante la dentici\u00f3n mixta (dientes de leche y permanentes) de esa forma ir disminuyendo y mejorando a tiempo las malformaciones de la mordida, es decir, que a menor edad asistas a la consulta mejores ser\u00e1n los resultados.<\/p><h4>\u00bfSolo existen los brackets de color met\u00e1licos?<\/h4><p>Gracias a los avances en los materiales y m\u00e9todos de tratamientos tenemos los brackets est\u00e9ticos que son realizados de materiales transparentes mejorando la parte est\u00e9tica considerablemente. Estos materiales van desde policarbonato, porcelana y zafiro.<\/p><p>\u00a0<\/p>\t\t\t\t\t\t\t\t<\/div>\n\t\t\t\t<\/div>\n\t\t\t\t\t<\/div>\n\t\t<\/div>\n\t\t\t\t\t<\/div>\n\t\t<\/section>\n\t\t\t\t<\/div>\n\t\t","protected":false},"excerpt":{"rendered":"<p>Ortodoncia (Brackets) La ortodoncia es el \u00e1rea de la odontolog\u00eda que trabaja con las malas posiciones dentales y malformaciones de la mordida. En la actualidad los Ortodoncistas utilizan diferentes t\u00e9cnicas para enderezar y corregir las mordidas y dientes torcidos, existen una gran variedad de aparatos ortod\u00f3nticos desde los m\u00f3viles como los INVISALING, los aparatos ortod\u00f3nticos [&hellip;]<\/p>\n","protected":false},"author":1,"featured_media":0,"parent":0,"menu_order":0,"comment_status":"closed","ping_status":"closed","template":"","meta":{"site-sidebar-layout":"no-sidebar","site-content-layout":"page-builder","ast-site-content-layout":"default","site-content-style":"default","site-sidebar-style":"default","ast-global-header-display":"","ast-banner-title-visibility":"","ast-main-header-display":"","ast-hfb-above-header-display":"","ast-hfb-below-header-display":"","ast-hfb-mobile-header-display":"","site-post-title":"disabled","ast-breadcrumbs-content":"","ast-featured-img":"disabled","footer-sml-layout":"","ast-disable-related-posts":"","theme-transparent-header-meta":"default","adv-header-id-meta":"","stick-header-meta":"","header-above-stick-meta":"","header-main-stick-meta":"","header-below-stick-meta":"","astra-migrate-meta-layouts":"default","ast-page-background-enabled":"default","ast-page-background-meta":{"desktop":{"background-color":"var(--ast-global-color-4)","background-image":"","background-repeat":"repeat","background-position":"center center","background-size":"auto","background-attachment":"scroll","background-type":"","background-media":"","overlay-type":"","overlay-color":"","overlay-opacity":"","overlay-gradient":""},"tablet":{"background-color":"","background-image":"","background-repeat":"repeat","background-position":"center center","background-size":"auto","background-attachment":"scroll","background-type":"","background-media":"","overlay-type":"","overlay-color":"","overlay-opacity":"","overlay-gradient":""},"mobile":{"background-color":"","background-image":"","background-repeat":"repeat","background-position":"center center","background-size":"auto","background-attachment":"scroll","background-type":"","background-media":"","overlay-type":"","overlay-color":"","overlay-opacity":"","overlay-gradient":""}},"ast-content-background-meta":{"desktop":{"background-color":"var(--ast-global-color-5)","background-image":"","background-repeat":"repeat","background-position":"center center","background-size":"auto","background-attachment":"scroll","background-type":"","background-media":"","overlay-type":"","overlay-color":"","overlay-opacity":"","overlay-gradient":""},"tablet":{"background-color":"var(--ast-global-color-5)","background-image":"","background-repeat":"repeat","background-position":"center center","background-size":"auto","background-attachment":"scroll","background-type":"","background-media":"","overlay-type":"","overlay-color":"","overlay-opacity":"","overlay-gradient":""},"mobile":{"background-color":"var(--ast-global-color-5)","background-image":"","background-repeat":"repeat","background-position":"center center","background-size":"auto","background-attachment":"scroll","background-type":"","background-media":"","overlay-type":"","overlay-color":"","overlay-opacity":"","overlay-gradient":""}},"footnotes":""},"class_list":["post-1204","page","type-page","status-publish","hentry"],"_links":{"self":[{"href":"https:\/\/odontoavanzadayestetica.com\/index.php\/wp-json\/wp\/v2\/pages\/1204","targetHints":{"allow":["GET"]}}],"collection":[{"href":"https:\/\/odontoavanzadayestetica.com\/index.php\/wp-json\/wp\/v2\/pages"}],"about":[{"href":"https:\/\/odontoavanzadayestetica.com\/index.php\/wp-json\/wp\/v2\/types\/page"}],"author":[{"embeddable":true,"href":"https:\/\/odontoavanzadayestetica.com\/index.php\/wp-json\/wp\/v2\/users\/1"}],"replies":[{"embeddable":true,"href":"https:\/\/odontoavanzadayestetica.com\/index.php\/wp-json\/wp\/v2\/comments?post=1204"}],"version-history":[{"count":3,"href":"https:\/\/odontoavanzadayestetica.com\/index.php\/wp-json\/wp\/v2\/pages\/1204\/revisions"}],"predecessor-version":[{"id":1207,"href":"https:\/\/odontoavanzadayestetica.com\/index.php\/wp-json\/wp\/v2\/pages\/1204\/revisions\/1207"}],"wp:attachment":[{"href":"https:\/\/odontoavanzadayestetica.com\/index.php\/wp-json\/wp\/v2\/media?parent=1204"}],"curies":[{"name":"wp","href":"https:\/\/api.w.org\/{rel}","templated":true}]}}