{"id":1146,"date":"2020-09-14T22:10:20","date_gmt":"2020-09-14T22:10:20","guid":{"rendered":"http:\/\/odontoavanzadayestetica.com\/?page_id=1146"},"modified":"2020-10-26T20:21:10","modified_gmt":"2020-10-26T20:21:10","slug":"tratamientos-de-canal-endodoncia","status":"publish","type":"page","link":"https:\/\/odontoavanzadayestetica.com\/index.php\/tratamientos-de-canal-endodoncia\/","title":{"rendered":"Tratamientos de Canal (Endodoncia)"},"content":{"rendered":"\t\t<div data-elementor-type=\"wp-page\" data-elementor-id=\"1146\" class=\"elementor elementor-1146\">\n\t\t\t\t\t\t<section class=\"elementor-section elementor-top-section elementor-element elementor-element-4609028d elementor-section-boxed elementor-section-height-default elementor-section-height-default\" data-id=\"4609028d\" data-element_type=\"section\" data-e-type=\"section\">\n\t\t\t\t\t\t<div class=\"elementor-container elementor-column-gap-default\">\n\t\t\t\t\t<div class=\"elementor-column elementor-col-100 elementor-top-column elementor-element elementor-element-188ec15e\" data-id=\"188ec15e\" data-element_type=\"column\" data-e-type=\"column\">\n\t\t\t<div class=\"elementor-widget-wrap elementor-element-populated\">\n\t\t\t\t\t\t<div class=\"elementor-element elementor-element-c31bda4 elementor-widget elementor-widget-image\" data-id=\"c31bda4\" data-element_type=\"widget\" data-e-type=\"widget\" data-widget_type=\"image.default\">\n\t\t\t\t<div class=\"elementor-widget-container\">\n\t\t\t\t\t\t\t\t\t\t\t\t\t\t\t<img fetchpriority=\"high\" decoding=\"async\" width=\"626\" height=\"417\" src=\"https:\/\/odontoavanzadayestetica.com\/wp-content\/uploads\/2020\/10\/dentista-examinando-dientes-paciente-femenino_107420-65309.jpg\" class=\"attachment-large size-large wp-image-1167\" alt=\"\" srcset=\"https:\/\/odontoavanzadayestetica.com\/wp-content\/uploads\/2020\/10\/dentista-examinando-dientes-paciente-femenino_107420-65309.jpg 626w, https:\/\/odontoavanzadayestetica.com\/wp-content\/uploads\/2020\/10\/dentista-examinando-dientes-paciente-femenino_107420-65309-300x200.jpg 300w\" sizes=\"(max-width: 626px) 100vw, 626px\" \/>\t\t\t\t\t\t\t\t\t\t\t\t\t\t\t<\/div>\n\t\t\t\t<\/div>\n\t\t\t\t<div class=\"elementor-element elementor-element-4dd245a9 elementor-widget elementor-widget-text-editor\" data-id=\"4dd245a9\" data-element_type=\"widget\" data-e-type=\"widget\" data-widget_type=\"text-editor.default\">\n\t\t\t\t<div class=\"elementor-widget-container\">\n\t\t\t\t\t\t\t\t\t\n<h4><strong>\u00bfQu\u00e9 es un tratamiento de Canal?<\/strong><\/h4>\n\n<p>Es el tratamiento que se realiza en los conductos dentales por donde pasa los vasos sangu\u00edneos y nervios dentales o pulpa dental. Luego de que este es afectado por caries o alg\u00fan trauma dental, en este tratamiento se limpian esos canales radiculares y luego se sellan.<\/p>\n\n<p>Si buscas un especialista en el \u00e1rea de endodoncia en nuestra cl\u00ednica lo encontraras, en un lugar c\u00e9ntrico de la ciudad.<\/p>\n\n<h5><strong>\u00bfSe pierden las piezas dentales luego del tratamiento de conductos?<\/strong><\/h5>\n\n<p>Existe una creencia de que es mejor extraer las piezas dentales cuando la indicaci\u00f3n es realizar un tratamiento endodontico y la verdad es que No, lo imp\u00f3rtate luego de realizar el tratamiento de conducto es restaurar la parte afectada del diente para mantener lo m\u00e1s posible la pieza dental acompa\u00f1ado de su visita peri\u00f3dica al odont\u00f3logo cada 6 meses.<\/p>\n\n<h4>\u00bfEl tratamiento de conductos es doloroso?<\/h4>\n\n<p>Con el avance en la medicaci\u00f3n y las t\u00e9cnicas de trabajo, la parte dolorosa del tratamiento es muy probable que el paciente no sienta dolor. Los procedimientos aun siendo complicados con las nuevas medicaciones de anestesia local le ofrecemos al paciente m\u00e1s confort a la hora de realizar dicho tratamiento.<\/p>\n\n<h4>\u00bfCu\u00e1l es el costo?<\/h4>\n\n<p>Los costos van a variar dependiendo la pieza que necesite el tratamiento al igual que la condici\u00f3n de afecci\u00f3n que tenga. Por lo cual te recomendamos que nos visites para realizar una evaluaci\u00f3n<\/p>\n\t\t\t\t\t\t\t\t<\/div>\n\t\t\t\t<\/div>\n\t\t\t\t\t<\/div>\n\t\t<\/div>\n\t\t\t\t\t<\/div>\n\t\t<\/section>\n\t\t\t\t<\/div>\n\t\t","protected":false},"excerpt":{"rendered":"<p>\u00bfQu\u00e9 es un tratamiento de Canal? Es el tratamiento que se realiza en los conductos dentales por donde pasa los vasos sangu\u00edneos y nervios dentales o pulpa dental. Luego de que este es afectado por caries o alg\u00fan trauma dental, en este tratamiento se limpian esos canales radiculares y luego se sellan. Si buscas un [&hellip;]<\/p>\n","protected":false},"author":1,"featured_media":0,"parent":0,"menu_order":0,"comment_status":"closed","ping_status":"closed","template":"","meta":{"site-sidebar-layout":"default","site-content-layout":"default","ast-site-content-layout":"default","site-content-style":"default","site-sidebar-style":"default","ast-global-header-display":"","ast-banner-title-visibility":"","ast-main-header-display":"","ast-hfb-above-header-display":"","ast-hfb-below-header-display":"","ast-hfb-mobile-header-display":"","site-post-title":"","ast-breadcrumbs-content":"","ast-featured-img":"","footer-sml-layout":"","ast-disable-related-posts":"","theme-transparent-header-meta":"default","adv-header-id-meta":"","stick-header-meta":"","header-above-stick-meta":"","header-main-stick-meta":"","header-below-stick-meta":"","astra-migrate-meta-layouts":"default","ast-page-background-enabled":"default","ast-page-background-meta":{"desktop":{"background-color":"var(--ast-global-color-4)","background-image":"","background-repeat":"repeat","background-position":"center center","background-size":"auto","background-attachment":"scroll","background-type":"","background-media":"","overlay-type":"","overlay-color":"","overlay-opacity":"","overlay-gradient":""},"tablet":{"background-color":"","background-image":"","background-repeat":"repeat","background-position":"center center","background-size":"auto","background-attachment":"scroll","background-type":"","background-media":"","overlay-type":"","overlay-color":"","overlay-opacity":"","overlay-gradient":""},"mobile":{"background-color":"","background-image":"","background-repeat":"repeat","background-position":"center center","background-size":"auto","background-attachment":"scroll","background-type":"","background-media":"","overlay-type":"","overlay-color":"","overlay-opacity":"","overlay-gradient":""}},"ast-content-background-meta":{"desktop":{"background-color":"var(--ast-global-color-5)","background-image":"","background-repeat":"repeat","background-position":"center center","background-size":"auto","background-attachment":"scroll","background-type":"","background-media":"","overlay-type":"","overlay-color":"","overlay-opacity":"","overlay-gradient":""},"tablet":{"background-color":"var(--ast-global-color-5)","background-image":"","background-repeat":"repeat","background-position":"center center","background-size":"auto","background-attachment":"scroll","background-type":"","background-media":"","overlay-type":"","overlay-color":"","overlay-opacity":"","overlay-gradient":""},"mobile":{"background-color":"var(--ast-global-color-5)","background-image":"","background-repeat":"repeat","background-position":"center center","background-size":"auto","background-attachment":"scroll","background-type":"","background-media":"","overlay-type":"","overlay-color":"","overlay-opacity":"","overlay-gradient":""}},"footnotes":""},"class_list":["post-1146","page","type-page","status-publish","hentry"],"_links":{"self":[{"href":"https:\/\/odontoavanzadayestetica.com\/index.php\/wp-json\/wp\/v2\/pages\/1146","targetHints":{"allow":["GET"]}}],"collection":[{"href":"https:\/\/odontoavanzadayestetica.com\/index.php\/wp-json\/wp\/v2\/pages"}],"about":[{"href":"https:\/\/odontoavanzadayestetica.com\/index.php\/wp-json\/wp\/v2\/types\/page"}],"author":[{"embeddable":true,"href":"https:\/\/odontoavanzadayestetica.com\/index.php\/wp-json\/wp\/v2\/users\/1"}],"replies":[{"embeddable":true,"href":"https:\/\/odontoavanzadayestetica.com\/index.php\/wp-json\/wp\/v2\/comments?post=1146"}],"version-history":[{"count":2,"href":"https:\/\/odontoavanzadayestetica.com\/index.php\/wp-json\/wp\/v2\/pages\/1146\/revisions"}],"predecessor-version":[{"id":1198,"href":"https:\/\/odontoavanzadayestetica.com\/index.php\/wp-json\/wp\/v2\/pages\/1146\/revisions\/1198"}],"wp:attachment":[{"href":"https:\/\/odontoavanzadayestetica.com\/index.php\/wp-json\/wp\/v2\/media?parent=1146"}],"curies":[{"name":"wp","href":"https:\/\/api.w.org\/{rel}","templated":true}]}}